749 a multiple of 14?
False
Does 4 divide 29661?
False
Is 92 a factor of 671692?
True
Does 7 divide 1008644?
True
Is 580451 a multiple of 23?
True
Is 43 a factor of 3558176?
False
Is 156264 a multiple of 204?
True
Is 2797600 a multiple of 26?
True
Is 2 a factor of 447870?
True
Is 1653006 a multiple of 447?
True
Is 5358640 a multiple of 9?
False
Does 3 divide 30017?
False
Is 304 a factor of 369165?
False
Is 2068220 a multiple of 140?
True
Is 62 a factor of 29507?
False
Is 280139 a multiple of 8?
False
Does 10 divide 138847?
False
Does 50 divide 5440150?
True
Is 83752 a multiple of 144?
False
Is 12104648 a multiple of 844?
True
Is 905432 a multiple of 33?
False
Is 390443 a multiple of 546?
False
Is 7 a factor of 657314?
True
Is 214749 a multiple of 33?
False
Does 609 divide 2666202?
True
Is 20 a factor of 2832900?
True
Does 34 divide 18029924?
False
Is 5441052 a multiple of 12?
True
Is 8239233 a multiple of 282?
False
Does 36 divide 828?
True
Is 18 a factor of 3145851?
False
Is 50 a factor of 404900?
True
Is 11622705 a multiple of 155?
False
Does 860 divide 5204720?
True
Does 313 divide 913647?
True
Is 4306808 a multiple of 11?
True
Does 111 divide 190698?
True
Does 26 divide 250332?
False
Is 143770 a multiple of 115?
False
Is 858 a factor of 6502782?
True
Is 1448275 a multiple of 475?
True
Is 95368 a multiple of 56?
True
Is 60815 a multiple of 96?
False
Is 45 a factor of 292415?
False
Is 744880 a multiple of 20?
True
Does 41 divide 697779?
True
Does 253 divide 1548866?
True
Is 158985 a multiple of 3?
True
Is 42702 a multiple of 26?
False
Is 8 a factor of 36776?
True
Does 10 divide 13530830?
True
Is 14340 a multiple of 168?
False
Is 2 a factor of 356084?
True
Does 154 divide 688294?
False
Does 27 divide 4243212?
True
Is 4518120 a multiple of 690?
True
Does 29 divide 411047?
False
Is 24 a factor of 1009656?
True
Is 326921 a multiple of 184?
False
Is 515300 a multiple of 50?
True
Is 7 a factor of 161837?
False
Does 7 divide 170031?
False
Is 34 a factor of 1385601?
False
Is 16649 a multiple of 9?
False
Does 90 divide 366300?
True
Is 693468 a multiple of 313?
False
Is 29 a factor of 20000?
False
Does 201 divide 8030151?
True
Is 282605 a multiple of 12?
False
Is 23709928 a multiple of 22?
True
Is 40 a factor of 42640?
True
Does 5 divide 15915?
True
Is 20 a factor of 209400?
True
Does 250 divide 116696?
False
Is 5 a factor of 109787?
False
Does 6 divide 1772553?
False
Is 31 a factor of 4816516?
False
Is 59 a factor of 50070?
False
Is 12708526 a multiple of 132?
False
Is 870254 a multiple of 11?
True
Is 20 a factor of 479080?
True
Is 272 a factor of 364480?
True
Does 101 divide 327442?
True
Is 177 a factor of 675254?
False
Is 749620 a multiple of 185?
True
Is 6 a factor of 17136?
True
Is 32 a factor of 12256?
True
Does 37 divide 4383563?
False
Is 124 a factor of 77871?
False
Is 10 a factor of 82427?
False
Is 118 a factor of 378072?
True
Is 64 a factor of 1097984?
True
Is 150461 a multiple of 163?
False
Is 6870860 a multiple of 632?
False
Does 5 divide 113530?
True
Is 15 a factor of 18121?
False
Does 1246 divide 1263444?
True
Does 1097 divide 4553096?
False
Is 741538 a multiple of 4?
False
Is 75797 a multiple of 8?
False
Is 20 a factor of 10737080?
True
Is 1990499 a multiple of 18?
False
Does 479 divide 269198?
True
Is 51216 a multiple of 291?
True
Is 19776472 a multiple of 23?
False
Does 12 divide 39307?
False
Does 14 divide 3476004?
True
Is 355 a factor of 162590?
True
Does 2 divide 107299?
False
Does 94 divide 6518887?
False
Is 7 a factor of 5366023?
False
Is 522 a factor of 2231894?
False
Is 546552 a multiple of 72?
True
Does 482 divide 176894?
True
Is 57 a factor of 1062172?
False
Is 15708 a multiple of 6?
True
Does 22 divide 860491?
False
Is 269143 a multiple of 7?
True
Is 12 a factor of 23028?
True
Is 1399770 a multiple of 1030?
True
Is 4701495 a multiple of 161?
False
Is 127 a factor of 162941?
True
Is 2548240 a multiple of 16?
True
Does 108 divide 164268?
True
Is 223 a factor of 247337?
False
Does 11 divide 623966?
False
Does 6 divide 6666432?
True
Is 511976 a multiple of 238?
False
Does 29 divide 9658662?
False
Is 267605 a multiple of 138?
False
Does 121 divide 99830?
False
Is 137 a factor of 383326?
True
Does 20 divide 1811480?
True
Does 17 divide 76415?
True
Is 39831 a multiple of 59?
False
Is 44 a factor of 11467171?
False
Is 612788 a multiple of 38?
True
Is 1328915 a multiple of 35?
True
Is 97202 a multiple of 313?
False
Does 17 divide 291538?
False
Is 133824 a multiple of 82?
True
Is 51 a factor of 2560098?
True
Is 9291510 a multiple of 405?
True
Does 126 divide 130788?
True
Does 755 divide 10130590?
True
Is 11 a factor of 419463?
True
Is 25 a factor of 695209?
False
Is 6064497 a multiple of 9?
True
Does 29 divide 4379?
True
Does 82 divide 128412?
True
Is 91 a factor of 3022777?
False
Is 524843 a multiple of 48?
False
Is 646 a factor of 2557153?
False
Does 358 divide 430316?
True
Does 1110 divide 958430?
False
Does 13 divide 868023?
True
Is 48 a factor of 664930?
False
Is 2659030 a multiple of 253?
True
Is 214 a factor of 305044?
False
Does 44 divide 1970574?
False
Is 307629 a multiple of 2?
False
Is 179 a factor of 149475?
False
Is 321 a factor of 181256?
False
Does 426 divide 2782206?
True
Does 231 divide 4899177?
False
Does 23 divide 3182349?
True
Does 23 divide 375691?
False
Does 186 divide 463884?
True
Does 87 divide 63075?
True
Does 66 divide 1545984?
True
Is 101 a factor of 116756?
True
Is 9 a factor of 1656457?
False
Is 16 a factor of 406144?
True
Does 12 divide 109942?
False
Is 118534 a multiple of 13?
True
Is 106 a factor of 941113?
False
Is 419 a factor of 1344370?
False
Does 600 divide 426000?
True
Is 667326 a multiple of 285?
False
Is 122881 a multiple of 45?
False
Is 4104208 a multiple of 158?
True
Is 204 a factor of 176188?
False
Is 25 a factor of 429075?
True
Is 571003 a multiple of 19?
False
Does 245 divide 1227450?
True
Is 6 a factor of 95625?
False
Does 372 divide 220596?
True
Does 10 divide 122860?
True
Is 6 a factor of 121471?
False
Is 94 a factor of 3343392?
True
Is 118 a factor of 1356292?
True
Does 116 divide 22270?
False
Is 54 a factor of 2495826?
True
Does 113 divide 2317986?
False
Does 118 divide 38350?
True
Does 964 divide 5281756?
True
Is 18 a factor of 1403226?
True
Is 974430 a multiple of 13?
False
Is 41 a factor of 1209827?
False
Does 7 divide 549290?
True
Does 617 divide 54458?
False
Is 10745447 a multiple of 33?
False
Is 8904818 a multiple of 55?
False
Does 3 divide 12129?
True
Does 15 divide 1511370?
True
Is 48 a factor of 12395040?
True
Is 67268 a multiple of 67?
True
Is 251328 a multiple of 64?
True
Is 394 a factor of 6209705?
False
Does 2 divide 50270?
True
Is 6 a factor of 64896?
True
Is 160 a factor of 127692?
False
Is 54043 a multiple of 11?
True
Does 16 divide 80992?
True
Is 376155 a multiple of 114?
False
Does 15 divide 802170?
True
Is 7256071 a multiple of 129?
False
Is 13 a factor of 202488?
True
Is 1420269 a multiple of 18?
False
Is 783 a factor of 8960652?
True
Does 7 divide 1057581?
True
Does 68 divide 3017719?
False
Does 170 divide 77350?
True
Is 45264 a multiple of 270?
False
Does 125 divide 52081?
False
Is 2055746 a multiple of 154?
True
Is 22680 a multiple of 36?
True
Is 10 a factor of 57642?
False
Is 372 a factor of 157728?
True
Is 513 a factor of 3502764?
True
Is 16 a factor of 23535760?
True
Does 644 divide 291871?
False
Is 254765 a multiple of 29?
True
Is 235 a factor of 467650?
True
Is 3137800 a multiple of 121?
False
Is 2595776 a multiple of 8?
True
Is 1603260 a multiple of 30?
True
Is 154 a factor of 544852?
True
Does 14 divide 616974?
False
Is 166 a factor of 196185?
False
Is 53478 even?
True
Does 537 divide 3696173?
False
Is 33 a factor of 314424?
True
Is 6 a factor of 1432886?
False
Does 55 divide 12014098?
False
Does 278 divide 854572?
True
Is 6 a factor of 10260?
True
Is 22738 a multiple of 318?
False
Is 86581 a multiple of 23?
False
Is 120 a factor of 233531?
False
Does 31 divide 4984924?
True
Does 17 divide 552448?
False
Is 294044 a multiple of 8?
False
Does 28 divide 112084?
True
Is 35 a factor of 153825?
True
Is 30 a factor of 156630?
True
Is 1492683 a multiple of 140?
False
Is 19 a factor of 5980420?
False
Does 22 divide 7365613?
False
Is 64947 a multiple of 5?
Fals